uppose 7*r - 12*r = -15. Suppose 4*d - 10258 - 13166 = n, d - 5869 = -r*n. Is d a composite number?
False
Let h = -115537 - -164894. Suppose -8*p = -19*p + h. Is p prime?
False
Let r = -20486 + 35745. Is r a prime number?
True
Suppose 20*z = -260719 + 1861859. Is z a prime number?
False
Let c = -31339 - -47300. Let x = -13 - -25. Suppose -x*b = -23315 - c. Is b prime?
False
Suppose -80 + 62 = -3*r. Is (3562/r)/(68/204) a composite number?
True
Let h = -1 + -3. Let q(d) = -652*d - 429. Let s(j) = 1957*j + 1220. Let m(u) = -17*q(u) - 6*s(u). Is m(h) a composite number?
True
Let c(t) = -8*t**2 - 128*t + 3. Let s be c(-16). Suppose s*i - 2*k = 6155, 5*i - 10257 = 8*k - 4*k. Is i a composite number?
False
Suppose -5*l + 10 = 0, -r = -0*r + 3*l - 72. Suppose -248 = -13*t - r. Is t a prime number?
False
Let p = 220158 + -78365. Is p prime?
True
Let z = 217497 + -150484. Is z a composite number?
True
Suppose -u + 3*u = 3*f - 2, 2 = -f + 2*u. Is ((-9657)/(-2) + f)*2 composite?
False
Let w be (-4 - 0) + 25 + -24. Let p(x) = -692*x + 53. Is p(w) composite?
False
Let h(l) = -13*l + 16461. Let m be h(0). Suppose 3*x - m = -2*d, -4*x + 5501 = -3*x - 4*d. Is x a prime number?
False
Let a = -18 + 179. Suppose -211 = -5*c - a. Suppose 637 = c*g - 23893. Is g a composite number?
True
Suppose 5*h - 2*h = 4*u - 31573, -2 = -2*h. Suppose 92*y = 89*y + 5*q + u, -2*q = -y + 2630. Is y composite?
True
Let b(g) = 6*g + 75. Let h be b(-14). Let w(z) = 4*z**2 - 21*z - 14. Is w(h) composite?
False
Let l be (-28)/(-12) - (1 - 10/6). Suppose h - 1070 = l*z, 4*h + 7*z - 3*z = 4264. Is h a prime number?
False
Let f(c) = -9*c + 27. Let v be f(11). Is v/(-54) + 1493/3 prime?
True
Let c be 2 - (-2316181)/105 - 4/(-30). Suppose c = 5*s - 39504. Is s a composite number?
True
Let m(s) = -4*s + 112. Let v be m(24). Suppose v*c - 35885 = 11*c. Is c composite?
False
Suppose -3*d + 6*d - 15 = 0, 63 = 4*l - 5*d. Suppose -4*j + l = -150. Suppose -41*y - 4634 = -j*y. Is y prime?
False
Let z(x) = 648*x + 203. Let y(w) be the second derivative of 27*w**3 + 51*w**2/2 - w. Let q(k) = -9*y(k) + 2*z(k). Is q(-5) prime?
True
Let f(l) = -2*l - 4. Let x be f(-4). Let i(p) = 2*p**2 + 11*p + 5. Let j be i(-5). Suppose x*g = -4*u + 372, 3*g - g - 3*u - 166 = j. Is g a composite number?
False
Let i be 1292 - 7/(35/(-30)). Suppose 2*b - 4*r = i, 0 = -4*b - 3*r + 1212 + 1340. Is b a prime number?
True
Let c(q) = 375*q + 26. Suppose 5*w - 1683 = 16*w. Let n = -150 - w. Is c(n) composite?
False
Let q(b) = 4727*b + 40. Is q(51) a composite number?
False
Suppose -5*u + 104698 + 1079915 = d, 2*u = -4*d + 473874. Is u prime?
False
Suppose -5*u + 3*u + 1716 = 0. Let m(c) = 75*c**2 - 8*c. Let j be m(5). Let n = j - u. Is n composite?
False
Let y = 51 + -49. Suppose y*s = 27689 - 5739. Suppose 5*z + 0*z = s. Is z a prime number?
False
Let v(o) = 101*o**2 + 18 + 2 - 6 - 5 - 16*o. Is v(4) composite?
True
Let n = -45139 + 96405. Is n composite?
True
Let v(u) = 484*u + 80. Let d be v(-3). Let x = -703 - d. Is x composite?
True
Let s(v) = 8*v**3 - 8*v**2 + 89*v - 100. Is s(41) a prime number?
True
Suppose -2*o = -10, -i - 9*o + 8*o = -8. Suppose -54073 = i*g - 7*g - f, 0 = -4*g - 3*f + 54083. Is g a composite number?
True
Let w(m) = 13*m**3 - 60*m**2 + 157*m - 2109. Is w(46) composite?
True
Let f(k) = -3*k + 3. Let x = 241 - 251. Is f(x) a prime number?
False
Suppose -5*u = 35, 3*s - 10790648 + 3063434 = 3*u. Is s a prime number?
False
Suppose 2*q = -2*w + 4934, 6*w - 7*w + 2463 = 2*q. Let y = w + 3468. Is y prime?
True
Suppose 0 = -26*d + 8*d + 1605402. Is d composite?
False
Suppose 0 = 3*g - 4*l - 265625, -5*l = -254 + 234. Is g a composite number?
False
Suppose -2*p + 593950 = -g, 0 = 406*p - 408*p - 4*g + 593990. Is p composite?
True
Let b(t) = -1. Let i(w) = 464*w + 12. Let q(p) = 2*b(p) - i(p). Let h be q(-4). Is ((-2)/(-3))/(4/h) composite?
False
Suppose 0 = -4*y + 41 + 3. Let f(c) = c**3 - 10*c**2 - 12*c + 13. Let d be f(y). Suppose x = 3*v + 2*v - 2140, x - 849 = -d*v. Is v prime?
False
Let a(o) = -131*o**3 + 70*o**2 + 506*o - 1. Is a(-8) a composite number?
True
Let x = -83 - -86. Suppose 31 = -5*d - 4*j, -x*d = -d + 3*j + 18. Is 2174/4*(d - -5) a composite number?
False
Let z = 321 + -319. Is 2521/((-2)/(-3) - z/6) a composite number?
True
Let b(g) be the second derivative of 93*g**5/20 - g**4/12 - 2*g**3/3 + g**2/2 - 28*g. Is b(2) a prime number?
True
Let p = 118 - 154. Let l be (-336)/p + 4/6. Is (-5 - (6 - l))*(0 - 1499) composite?
False
Is (6 + (-15)/15)*48478/10 a composite number?
False
Let o(t) be the first derivative of 2*t**5/15 - 7*t**4/24 + 2*t**3/3 - 13*t**2/2 - 9. Let s(z) be the second derivative of o(z). Is s(3) a prime number?
False
Suppose 17657736 = 167*a - 22*a + 360541. Is a a prime number?
True
Let b(h) = -8*h**3 + 6*h**2 + 13*h + 67. Let c(g) = -2*g**3 - 14*g**2 - 17*g + 7. Let l be c(-5). Is b(l) a prime number?
False
Let d(g) be the third derivative of 0*g - 1/12*g**4 + 185/6*g**3 + 2*g**2 + 0. Is d(0) prime?
False
Suppose 831 = 28*k + 299. Let x(z) = 70*z + 172. Is x(k) prime?
False
Let u be 2 - 7 - -3 - -5292. Suppose 2*z + 8 = -4*m - 0*z, 5*m + z + 4 = 0. Suppose -4*x + 7056 = -m*x + 4*d, 0 = 3*x + d - u. Is x a composite number?
True
Let r(q) = 998*q**2 - 58*q - 330. Is r(-17) a composite number?
True
Suppose 0 = -b + 233 - 42. Let v be 1362/(-8)*496/93. Let p = b - v. Is p a composite number?
True
Let j(q) = q**3 + 7*q**2 + 9*q + 1. Let x be (5 + -4 - -4)*-1. Let h be j(x). Suppose h*y + 14384 = 22*y. Is y composite?
True
Suppose 0 = -93*f + 16*f + 1149071. Is f a composite number?
False
Suppose -3*c + 2*s + 16051 = -14576, 5*c = -2*s + 51061. Is c prime?
True
Let q = 470242 + -73983. Is q a prime number?
True
Is 7 + (-111)/16 - 7188310/(-160) prime?
True
Let k be -2 - (2 + 4344) - 0. Let x = k + 10511. Is x composite?
False
Let v be (-12)/8*1/((-3)/(-160)). Let i = v - -76. Is (-479)/(-1 + i + 4) a composite number?
False
Let r(z) = 25*z**2 + 44*z + 106. Let b(x) = 12*x**2 + 22*x + 53. Let l(n) = -5*b(n) + 3*r(n). Let t = 1275 - 1287. Is l(t) a prime number?
True
Let j be -2 + 6 - (540 + 0). Let o = 251 - j. Suppose 201 = -2*l + o. Is l composite?
False
Suppose 4035 + 3327 = -9*m. Let i = m + 2971. Is i composite?
False
Suppose 0*g + 4*s = g, g = -s + 10. Suppose 3*h + 90 = g*h. Is ((-12)/h)/(2155/2157 - 1) prime?
True
Suppose -4*n - 4*h + 3580 = 0, 3*h = 4*n + h - 3568. Suppose -6*c + 5*c = -2*f + 1772, -f - 3*c = -n. Let k = f - -428. Is k a prime number?
False
Let f(z) = 25*z**2 + 2*z + 2. Let c be (6/(-4))/((-6)/(-36)). Let u be 1*5/(-15)*c. Is f(u) prime?
True
Suppose -7*z = -5*z - 8. Suppose -z*g + 1710 - 374 = 0. Suppose -g = -2*a + 4*h, -h - 3 - 2 = 0. Is a composite?
False
Let m = -163 - -237. Let p(u) = -2*u + 2 - m*u**3 - 3 + 21*u**2 - 27*u**2. Is p(-3) a prime number?
True
Let r(d) = 50*d**3 + 18*d**2 - 7*d + 11. Let i be r(8). Suppose 15*z = -2*z + i. Let k = z + -420. Is k a composite number?
False
Let z = 30 + -15. Suppose 9*k + 558 = z*k. Suppose 515 = g + k. Is g prime?
False
Let v = 469445 + -269158. Is v a prime number?
False
Suppose 38 = 3*r - 10. Let f be (0 - 40)*(r/(-20))/2. Let d(h) = 4*h**2 - 9*h - 29. Is d(f) composite?
True
Let y(i) = 251*i - 1. Let w = -34 - -38. Is y(w) a composite number?
True
Let l = -495777 + 342987. Is (-3)/2 - l/60 composite?
True
Suppose 3*w = p - 7085, -3*p - 2*w - 272 + 21505 = 0. Is p a prime number?
True
Suppose -94 - 66 = -4*u. Suppose 0 = 5*j + m - u, -7*j = -2*j - m - 30. Suppose j*i = 10*i - 2013. Is i a composite number?
True
Is (-4)/(-10)*-4*15441150/(-240) a prime number?
False
Let b(k) = -245400*k + 3977. Is b(-17) a composite number?
False
Let x be 10/85 - 4014592/68. Let o = -40445 - x. Is o a composite number?
False
Suppose -127*c = -129*c - 4. Is (6 + 3316)*(-1)/c a composite number?
True
Let o(b) = 341*b + 40 - 286*b - 282*b. Is o(-35) a prime number?
False
Suppose 0 = -3*k + 38*c - 42*c + 509937, 5*k - 849929 = -c. Is k prime?
True
Let c = 332 + -327. Suppose -3*r = -c*n - 1639, 2*r - 1383 + 265 = -3*n. Is r a composite number?
True
Let n(u) = -5540*u + 1979. Is n(-18) composite?
True
Let d(l) = -26*l**3 - 2*l**2 + 4*l - 1. Suppose 4*s + 5*x = 14, -4*x + 2 = 4*s - 10. Suppose r = 5*v + 22, -5*r + s = -